 -i**4/8 + i**3/2 + i**2. Suppose -2*u - 17 = 5*y, -3*u + 4*y - 7 = -39. Suppose 0 = -u*m + 168 - 144. Give b(m).
-15
Let x(i) = -i**2 - 2*i + 14. Suppose -2*q = 3*v - 12, 24*v = 3*q + 25*v + 3. Calculate x(q).
11
Let u(c) = 764*c - 2*c**3 - c**2 - 5*c**2 - 765*c. Let f(q) = -q**3 - 5*q**2 - q - 1. Let j(t) = 3*f(t) - 2*u(t). Determine j(3).
-6
Let z be 0/(-75) + 9 + -6. Let r(v) = -46*v + 5. What is r(z)?
-133
Let k(l) = l - 7. Let z(s) = -31*s + 53. Let j(h) = -8*k(h) - z(h). Determine j(2).
49
Suppose 4*v + 13 = 5*s + 8*v, -s = -v - 8. Suppose 0 = -n - 5*f - 4, -3*n + 6*f = 7*f - 16. Let d(g) = -n*g - g**2 + 2*g - 3 + 0*g + 6*g. What is d(s)?
-18
Let x(u) = -u**2 + 8*u - 8. Let s be x(6). Let v(w) be the second derivative of w**4/12 - w**3/2 - 5*w**2/2 + 4034*w. What is v(s)?
-1
Let b(n) = n**2 + 11*n + 14. Let p be b(-11). Suppose r - p = -5*l, r - 2*l + 0*l + 14 = 0. Let h(x) = -1706*x**2 - 6*x + 1705*x**2 - 6 + 0. What is h(r)?
-6
Let i(r) = -659*r**2 + 163*r**2 + 172*r**2 + 166*r**2 + r**3 + 7*r - 9 + 167*r**2. Let o = 14 - 22. What is i(o)?
-1
Suppose -3*d + 2*q = -39, 5*d + 3*q - 65 = 2*q. Let g(l) be the third derivative of l**4/24 - 8*l**3/3 + 475*l**2. What is g(d)?
-3
Let v = -301 + 306. Let w(k) = 3*k**3 - 15*k**2 + 4*k + 8. Let m(g) = 4*g**3 - 22*g**2 + 6*g + 12. Let z(q) = v*m(q) - 7*w(q). Give z(-5).
-6
Let o be (48/15)/(129/(-215) + (3 - 2)). Let m(s) = 8*s - 68. Give m(o).
-4
Let r(h) = 3*h - 3. Let x be (3 + 11/(-4))/((-2)/(-56)). Suppose -x*b + 0*b = 273. Let p = 44 + b. Calculate r(p).
12
Let h(r) be the second derivative of -r**5/20 + 11*r**4/12 + 8*r**3/3 - 173*r**2/2 + 2562*r. Give h(11).
3
Let z(k) be the first derivative of 5*k**3/3 + k**2/2 + k + 2280. Suppose -5*r = -4*r + 2. Calculate z(r).
19
Suppose -u = 12*u - 13. Let z(y) = 8*y**3 + 7*y**2 - 1 - 22*y**2 + 15*y**2. Give z(u).
7
Let m(f) = -3*f - 4. Let v(t) = -2*t - 16. Let a = -77 + 70. Let y be v(a). Let q(z) = -3*z**2 - 8*z - 7. Let x be q(y). Determine m(x).
5
Let t(d) = -d**2 + 4*d + 2. Let c(p) = -p**2 - 21*p - 103. Let y be c(-13). Suppose -4*m + n = -21 - y, -m - 3 = 4*n. Determine t(m).
-3
Let r(x) be the first derivative of x**4/4 + 38*x**3/3 + 68*x**2 - 5*x + 1600. Calculate r(-34).
-5
Suppose 4*b = -2*s + 12, 2*b + 15 = b + 4*s. Let h(i) = 14*i**2 + 5*i - 3. Calculate h(b).
16
Let d(p) = -6*p**2 + 4*p**2 - 41915*p**3 + 0*p**2 - 3 + 0 + 41908*p**3. What is d(-2)?
45
Let b(c) = -868*c + 123 + 439*c + 438*c. Determine b(-14).
-3
Let b = -32 + 39. Let f be 4*18/84*b. Let t(q) = q**3 - 5*q**2 - 5*q + 4. Give t(f).
10
Let z(y) = 2*y - 10. Let o be z(7). Suppose m = -o*m - 5*a + 10, 0 = m + 2*a. Suppose m = -t + 1. Let b(c) = -c**3 - 4*c**2 + 4. Calculate b(t).
-5
Let b(d) = -2*d - 4. Let h(r) = 7*r + 101. Suppose -t + 1 = 7*m - 2*m, 3*t = 4*m - 54. Let w be h(t). Give b(w).
-10
Let d(a) = -2 + 14*a + 5 - 11*a - 4*a. Suppose -7*x - 71 = -5*x + r, -5*x - 180 = 3*r. Let k = -30 - x. Determine d(k).
0
Let v(j) be the first derivative of j**6/180 - j**5/24 - j**4/8 + 36*j**3 - 160. Let h(n) be the third derivative of v(n). What is h(4)?
9
Let r = -4060 - -4072. Let d(c) = 3*c - 39. What is d(r)?
-3
Let c(p) = -30*p + 501 + 515 + 506 - 1518. Determine c(2).
-56
Suppose 0*s - s = -4*k - 77, 2*s = 2. Let n be (3 + k/6)*-12. Let m(f) = 2*f**3 - 2*f**2 - f - 2. What is m(n)?
4
Let f(q) = q**2 - 2*q - 22 - 2*q**2 + 9 + 6. Let d be ((-45 - -45)/(-1*1))/(-1) - 5. Calculate f(d).
-22
Let u(q) = -4*q + 8. Let g = 439 - 436. Determine u(g).
-4
Let b(n) = -n**3 - n**2 + 4*n - 1. Suppose -20 = 5*f + p - 6*p, -3*p = 3*f + 6. Determine b(f).
5
Suppose 5*p + i - 14 - 3 = 0, 5*i + 5 = 5*p. Suppose 0*y = 4*y - 156. Let j(s) = s - y + s + 38. Determine j(p).
5
Let w(i) = -i**3 + 6*i**2 + i + 8. Let n(l) = 9*l**3 - 49*l**2 - 9*l - 67. Let y(p) = 2*n(p) + 17*w(p). What is y(-5)?
-18
Suppose 0 = -428*i + 559*i - 3144. Let t(j) = j**3 - 23*j**2 - 25*j - 15. Determine t(i).
-39
Suppose -5*n = -5*i + 35, 0 = 7*i - 3*i + n - 3. Suppose 0 = -2*j - 2*b + 10 - 4, i*b - 10 = -4*j. Let s(x) = 0 + 11 + 8 - 22 - 4*x + x**j. Give s(6).
9
Let v be (-12)/(-30) + (-2)/5. Suppose r + 5*j - 5 - 12 = v, -33 = -5*r + j. Let y(w) = -w + 0 + w**2 - r - 4*w. What is y(6)?
-1
Let n(g) = -8*g + 266. Let o(f) = -3*f**3 + 81*f**2 + 8*f - 183. Let q be o(27). Calculate n(q).
2
Let t(i) = -11*i + 224*i**3 + 4 - 12*i**2 + 188*i**3 - 411*i**3. Determine t(13).
30
Let i(z) = 81*z - 9887. Let m be i(122). Let c(d) = -10*d + 24. What is c(m)?
74
Let x(u) = 258 - 1176*u - 1072*u + 2277*u. Give x(-9).
-3
Suppose 5*s - 18 = -8. Let h(y) = 6*y**s + y**3 - y + y + 5*y. Suppose 0 = -7*j - 61 + 26. What is h(j)?
0
Suppose 9*j - 14 = -5. Let u(p) = -p**3 + p + 1. Let h(f) = -30*f**3 + 2*f**2 - 3*f. Let d(m) = h(m) + u(m). Determine d(j).
-30
Let l(d) = -3*d**2 + 23*d - 7. Let h be 4/(-14) + ((-24)/56)/(-3)*51. Give l(h).
7
Let p(v) = v**3 + 8*v**2 + 2*v - 5. Suppose 3*k + w - 252 = -3*w, -175 = -2*k - 5*w. Let c be k/((-40)/5) + 2. Calculate p(c).
-21
Let l be 194*-2*1/4. Let i = l - -94. Let z(p) = -3 + 2*p**2 + 2*p**2 - 2*p**2. Calculate z(i).
15
Let h(x) = 2*x - 62. Suppose 2*w + 562 - 612 = -2*p, -2*w + 41 = 5*p. Calculate h(w).
-6
Let r(k) = -37*k - 253. Let n = -1677 - -1670. Determine r(n).
6
Let k(d) = d**3 - 6*d**2 - 7*d - 4. Let f be k(7). Suppose 12*w - 20*w = 0. Let u(a) = -293*a - 3 - a**2 + 291*a - 3 + w*a**2. Calculate u(f).
-14
Let t(z) = 17*z**2 - 49*z + 10. Let j(r) = 44*r**2 - 124*r + 23. Let c(m) = -5*j(m) + 13*t(m). Determine c(13).
-37
Let f(t) = 5*t - 123. Let b be f(27). Let c be (b/(-36))/(3/18). Let o(q) = -q**3 - 3*q**2 - q - 1. Give o(c).
-3
Let r be (-14)/(-28) + (-2)/4. Suppose 5*j + 25 = 4*k, k + 0*k - 5*j - 10 = r. Let m(t) = k*t + 20*t**2 + 20*t**2 - 3 - 41*t**2. Calculate m(4).
1
Suppose 8*h - 1145 - 1023 = 0. Suppose -h = -6*v - 283. Let l(k) = 4*k**2 + 2*k + 4. What is l(v)?
16
Let k(s) = 3*s**2 - 10*s + 9. Let p(a) = 9*a**2 - 32*a + 27. Let f(x) = 7*k(x) - 2*p(x). What is f(5)?
54
Let l(t) = 2*t**3 + 2*t**2 - 2*t + 3. Let x(v) be the second derivative of v**5/20 + v**4/12 - v**3/6 + v**2/2 + 77*v. Let a(q) = l(q) - 3*x(q). Calculate a(0).
0
Let x(m) = 9*m**2 + 27*m. Let p be x(-3). Let w(z) = 7*z - 14. Give w(p).
-14
Let w(y) be the third derivative of y**6/360 - y**5/12 - 2*y**4/3 - 12*y**3 - 5*y**2 - 13*y. Let g(k) be the first derivative of w(k). What is g(12)?
8
Let d(o) be the first derivative of o**3/3 + 8*o**2 + 6*o - 1. Let n = -2921 + 2905. What is d(n)?
6
Suppose -168 = 4*f + 9*f - 6*f. Let x(r) = r**2 + 27*r + 84. Determine x(f).
12
Let t = 131 - 122. Let n be 1/((-72)/(-272)) - (-2)/t. Let o(m) be the third derivative of -m**6/120 + m**5/12 - m**4/24 - 5*m**3/6 + m**2. What is o(n)?
7
Let s(i) = -i**3 - 4*i**2 - 2*i - 4. Let m(a) = -a**3 + 5*a**2 + 5*a + 2. Let k be m(6). Let q(z) = 54*z - 58*z - 5 - 14. Let y be q(k). Calculate s(y).
-7
Let u(c) = -6*c**3 - 2. Suppose -49*z + 3*z = -92. What is u(z)?
-50
Let h(o) = o**2 + 19*o + 15. Let g be 100/1650 + 2384/(-132). Calculate h(g).
-3
Let s(l) be the first derivative of -37 - 2*l + 1/3*l**3 + 9/2*l**2. What is s(-6)?
-20
Suppose 583 = 4*o - 713. Let n = o + -319. Let c(r) = 4*r - 5. Give c(n).
15
Let r = 4489 - 4480. Let f(s) = 2*s**3 - 19*s**2 + 10*s - 11. Give f(r).
-2
Let s(b) = 8*b**3 - b**2 + 1. Let k = -417 - -390. Let p be 18/14 - (-1 + k/(-21)). What is s(p)?
8
Let h(f) = 5 + 20*f + 9 - 411*f**2 + 2 + f**3 + 392*f**2 + 1. What is h(18)?
53
Let s(f) be the second derivative of 7/2*f**2 - 1/3*f**3 - 59*f + 0. What is s(7)?
-7
Let u(p) = 2*p**2 + 4*p - 192 + 102 + 92. Let q(w) = w**3 - 23*w**2 - 52*w + 48. Let c be q(25). Calculate u(c).
2
Let n = 3 - 6. Let y be -1 + 2 - (n - -2). Let h(x) = -242363*x**2 + x + 242361*x**2 - 4 + 5. What is h(y)?
-5
Let o(f) be the first derivative of 2/3*f**3 + 0*f + 1/24*f**4 - 2 - 6*f**2. Let j(m) be the second derivative of o(m). What is j(-7)?
-3
Let i(x) = 1 - 150*x + x**2 + 11*x**3 - 31*x + 182*x + 5*x**3. Let k be ((-3)/2)/((-3)/8). Let u = k - 5. Determine i(u).
-15
Let c(k) be the first derivative of 13*k**2/2 - 2*k - 52. Let z = 325 + -323. Calculate c(z).
24
Suppose 16*s = 32039 - 32199. Let a(d) = 2*d**2 + 25*d + 50. What is a(s)?
0
Let r(x) = -x**2 + 16*x + 35. Let t 